14
Let x(l) = 7*l + 12. Let r be 2/(-9) - (-392)/63. Let n be x(r). Suppose -n = -4*q - 2*g, 2*g = -5*q - 11 + 78. What is the remainder when 36 is divided by q?
10
Suppose -4*d = 0, -5*f - d + 463 = -322. What is the remainder when f is divided by 7?
3
What is the remainder when 198 is divided by 2/((-6)/(-816)*4)?
62
Let r = -39 - -64. Suppose r = i + z, -5*z = -2*z + 9. Suppose -i = -k + 7. What is the remainder when k is divided by 9?
8
Let q(s) = -5*s - 1. Let n(h) = -2*h**2 - 1. Let u be n(1). Suppose -247 - 81 = -8*i. Calculate the remainder when i is divided by q(u).
13
Suppose 0 = 60*x - 61*x + 3. Suppose 4*n = x*a - 45, -6*a = -a - n - 75. Calculate the remainder when 25 is divided by a.
10
Let v = 124 - 89. Suppose 0 = 4*q + 4*i - 48, -6 = 2*i - 5*i. What is the remainder when v is divided by (18/q)/((-3)/(-20))?
11
Suppose -74*z = -91*z + 119. What is the remainder when 334 is divided by z?
5
Let l be (-1)/((1/5)/(-1)). Suppose p = -2*g - 3*g + 67, l*g + 5*p - 55 = 0. Suppose q - 34 = 20. What is the remainder when q is divided by g?
12
Let o(m) = -95*m. Let p be o(-5). Suppose -3*h - 121 = -p. What is the remainder when h is divided by 12?
10
Suppose 0 = 2*o + 3*o - 500. Let q(b) = -b**3 + 7*b**2 + 13*b - 6. What is the remainder when o is divided by q(8)?
32
Let g(b) be the first derivative of b**4 + b**2 - 2*b + 5. What is the remainder when 12 is divided by g(1)?
0
Let q = -9 + -8. Let h be (-3 + 62 + -1)*1. Let t = h + q. Calculate the remainder when 121 is divided by t.
39
Suppose 2*z - 52 - 66 = 0. Suppose 8 = 2*p - 0*f - f, 4*f + 16 = 0. What is the remainder when z is divided by 483/24 - p/16?
19
Let l = -125 + 228. Calculate the remainder when l is divided by 27.
22
Let a(l) = 19*l + 24. Let b(s) = 5*s**2 - s - 1. Calculate the remainder when a(4) is divided by b(-2).
16
Let r(f) be the first derivative of 7*f**2 - 2*f - 223. Let b be 2*(-2)/(-4)*1. What is the remainder when r(b) is divided by 7?
5
Suppose -f + 1 = -2. Let h(t) = 8*t + 3. Let u(r) = 56*r + 22. Let l(d) = 44*h(d) - 6*u(d). Calculate the remainder when l(f) is divided by 25.
23
Let c = -276 + 429. Calculate the remainder when c is divided by 80.
73
Suppose 2*f - 8 = -0*f, -3*f + 67 = 5*q. Calculate the remainder when 6/4*(8200/75 - 22) is divided by q.
10
Let g = -2 + 4. Suppose 0 = -g*c - 0*c + 56. Calculate the remainder when c is divided by 10.
8
Let b(j) = -j**2 - 19*j - 24. Let v be (18/6)/(-2 + 50/28). What is the remainder when b(v) is divided by 14?
4
What is the remainder when 427 is divided by 156/10*(396/24 + -14)?
37
Suppose 0*o = 2*o - 86. Let v(f) = -7*f + 20. Let l be v(-6). Let p = l - o. What is the remainder when p is divided by 6?
1
Calculate the remainder when 195 is divided by 6 - (3 + -6 + -19).
27
What is the remainder when (-77 - -76)*19*-1 is divided by 12?
7
Let k = 359 + 72. Calculate the remainder when k is divided by 18.
17
Let k(l) = l**2 - 3*l - 16. Let o be k(-3). Suppose o = -2*i - 3*u + 17, 0 = i - 2*u - 18. What is the remainder when i is divided by 7?
5
Let o(b) = -22*b + 30. Calculate the remainder when o(-2) is divided by 8.
2
Suppose 8 = z + 4*b - 3*b, -3*b = 5*z - 32. Let j be -8 + -1 - 0/(-2). Let p = -3 - j. Calculate the remainder when p is divided by z.
2
Let k = 75 - 13. Let h = -12 - 84. Calculate the remainder when k is divided by h/(-15)*10/4.
14
Suppose 4*y = 7*y. Let m = y - -4. Suppose 3*w = m*d + 3, 0 = 5*w - 10*w + 4*d + 13. What is the remainder when w is divided by 2?
1
Let l(r) = -r**3 + 14*r**2 + 4*r - 24. What is the remainder when l(11) is divided by 48?
47
Calculate the remainder when 87 is divided by 323/38 - 9/(-6).
7
Let j = -180 - -206. What is the remainder when 71 is divided by j?
19
Suppose -17*v - 3495 = -32*v. Calculate the remainder when v is divided by 80.
73
What is the remainder when 306 is divided by 12/14 + 589/7 + -4?
63
Let o = 3 + 28. Calculate the remainder when o is divided by (36/49)/(104/364)*(-28)/(-6).
7
Suppose 6*l - 32 = 5*l. Let k = -20 + l. Suppose j = k - 1. What is the remainder when j is divided by 5?
1
Let t(s) = -568*s + 122. Calculate the remainder when t(-2) is divided by 7.
5
Let m = -4491 + 6633. Calculate the remainder when m is divided by 13.
10
Let b(f) = 2*f - 2. Suppose c - 3*k = -0 - 5, -5*c + 2*k + 1 = 0. Let o(r) = 22*r**3 + r**2 - r. What is the remainder when o(c) is divided by b(7)?
10
What is the remainder when 98 is divided by ((-154)/(-11) + -10)*(0 + 10)?
18
Let l = 10 - 9. Suppose 5 = 5*z, 0 = -t - 2*z - 0*z + 22. Calculate the remainder when t is divided by -3 - (-11 - (l + 2)).
9
Let n = -2214 - -2373. Calculate the remainder when n is divided by 59.
41
Suppose 0 = -39*a + 15*a + 120. Let s = -26 - -43. What is the remainder when s is divided by a?
2
Suppose 31*a = 23*a + 160. Calculate the remainder when a is divided by 1.
0
Calculate the remainder when 252 is divided by 22/4*1040/286.
12
Let f(c) = -12*c + 11. Calculate the remainder when 186 is divided by f(0).
10
Let q be (-4)/(24/(-267))*-2. Let z = 144 + q. Let x = -19 + 38. What is the remainder when z is divided by x?
17
Suppose 0*z + 6*z = 12. Let h(f) = 39*f + 19. Calculate the remainder when h(z) is divided by 33.
31
Suppose 0 = 4*x - 3*x + 3. Let m be 0 - (0 - (-6)/x). What is the remainder when 21 is divided by 12/(m/(-4)*-3)?
5
Suppose 2*s + i + 24 = 79, -3*s - 3*i = -84. What is the remainder when 132 is divided by s?
24
Suppose -4*h = -5*s - 154, h = 2*s + 2*s + 44. Suppose 7*l - 4*l = h. Calculate the remainder when l is divided by 5.
2
Let d(o) = -o**3 - 9*o**2 - 8*o + 6. Let k be d(-8). Suppose 243 = k*h - 9. What is the remainder when h is divided by 11?
9
Let v = 14 + 133. Calculate the remainder when v is divided by 83.
64
Let p be (-2)/(-6) - 5/(-3)*-50. Let a = p + 122. Calculate the remainder when a is divided by 20.
19
Let d(r) = 0*r**2 - 1 - 3*r - 6*r + 5*r + r**2. Let t be d(5). Suppose 14 = 4*h + 2*l, 4*h + l - 21 = -t. What is the remainder when 18 is divided by h?
3
Suppose -5*y + 5 = -4*p, 6 = 3*p - 2*y + 1. Calculate the remainder when 19 is divided by p.
4
Suppose 4*n - 8 = -0*n. Suppose 136 = 4*m - n*m. Calculate the remainder when m is divided by 14.
12
Suppose -6 = -2*o + v, -2 = -v - 0*v. Suppose 5*t + 15 = 0, -15 = o*h - 5*t - 90. Let a = h - 6. Calculate the remainder when a is divided by 3.
0
Suppose -52*v = -51*v - 81. What is the remainder when v is divided by 38?
5
Calculate the remainder when (-134)/((-1 - 5)/30) is divided by 8.
6
Suppose -415*h = -412*h - 252. What is the remainder when 334 is divided by h?
82
Let c(f) = 213*f + 44. What is the remainder when c(3) is divided by 86?
81
Let v(l) = -l**2 + 4*l + 14. Let t = 12 + -6. Let d be v(t). Suppose -4*c + 28 = -2*n, -3*c + d*c + n = -5. What is the remainder when c is divided by 5?
4
Let d = 93 + -71. Let a(c) = c**2 - 22*c + 6. What is the remainder when 53 is divided by a(d)?
5
Let g(s) = s**3 + 12*s**2 + 12*s + 17. Calculate the remainder when g(-9) is divided by 53.
46
Suppose t - 23 = 3. Calculate the remainder when t is divided by -14*1/(3/(-3)).
12
Let r(l) = -l**3 + 12*l**2 + 21*l - 15. Let c = 70 + -40. Calculate the remainder when r(13) is divided by c.
29
Suppose 6*c - 2*c = 164. Let t = 66 - c. What is the remainder when t is divided by 7?
4
Let g = 680 + -661. Calculate the remainder when g is divided by 19.
0
Suppose -2*m - 5*c = -122 + 26, -m - 2*c + 50 = 0. What is the remainder when 72 is divided by m?
14
Let s = 90 + -95. Calculate the remainder when 20 is divided by s*1 + -17 + 29.
6
Let l(y) = 2*y**3 - 2*y**2 - 2. Let m = -6 - -8. Suppose 0 = -k - k + 14. Calculate the remainder when k is divided by l(m).
1
Let o = -164 + 190. Suppose 0 = -w - 2*w + 138. What is the remainder when w is divided by o?
20
What is the remainder when 1645/20 + 18/24 + 3 is divided by 29?
28
Let v be 3*-1*(-1 - 0). Let r be 505 + (-1 - (4 - 7)). Suppose -q + 3*m + r = 4*q, -v*q - 4*m = -310. What is the remainder when q is divided by 26?
24
Let p(a) = a**2 + 4*a + 1. Let w be p(-4). Let n(q) = 3*q - 1. Let i be n(w). Calculate the remainder when 43 is divided by -4 + 4 + 46/i.
20
Let r be ((-32)/24)/((-4)/3). Suppose y - r = -z + 3, 3*z = -4*y + 15. What is the remainder when 4 is divided by